6 = 2*j + 2*j, 0 = 4*u + 5*j - 32. What is the remainder when 26 is divided by b(u)?
6
Let j(r) = r**2 - 5*r - 9. What is the remainder when 106 is divided by j(9)?
25
Let y = -294 + 569. Calculate the remainder when y is divided by 46.
45
Suppose 3*z = -z - 240. Let k = -28 - z. What is the remainder when k is divided by 11?
10
Let p(k) = 11*k. Suppose -10 = -3*t + 14. What is the remainder when p(1) is divided by ((-6)/t)/(2/(-8))?
2
Let n = 100 - 95. What is the remainder when (-4)/(-14) - 248/(-14) is divided by n?
3
Suppose -t + 3*t = 3*n + 23, -3*t - n = -18. Calculate the remainder when 27 is divided by t.
6
Suppose -3*m = d, 5*m = 4*d - 10 - 7. Calculate the remainder when (-10)/(-4)*(-294)/(-105) is divided by d.
1
Let z = 19 + -23. Calculate the remainder when 48 is divided by (2/z)/(6/(-204)).
14
Suppose -4*d = 3*b - 220, -5*d - 309 = -4*b - 57. Calculate the remainder when b is divided by 14.
12
Let f(u) = -3*u + 1. Let h be f(-2). Let p(x) = -x**2 + 9*x - 7. What is the remainder when 34 is divided by p(h)?
6
Let n(t) = -t**2 + 12*t + 16. Calculate the remainder when 46 is divided by n(12).
14
Suppose 0 = t - 4. Calculate the remainder when 18 is divided by t.
2
Let h(y) = -y**2 - y + 5. Let r be h(0). Suppose -r*k + 39 = -11. What is the remainder when 38 is divided by k?
8
Suppose 0 = 19*k - 14*k - 60. Calculate the remainder when 357 is divided by k.
9
Suppose 5*s + 45 = -5*o, -o + 1 = s - 2*s. Let b = 19 + s. What is the remainder when 26 is divided by b?
12
Let x = 6 - 4. Suppose -x*v + 27 = 9. Calculate the remainder when 33 is divided by v.
6
Suppose 304 = 4*z + 4*q, -182 = -3*z + z + 4*q. Suppose 4*s + 2*n = 570, s + 3*n - 112 = 28. Let t = s - z. What is the remainder when t is divided by 16?
14
Suppose -3*i - 4*m + 234 = 0, 2*i - 3*m + 2*m - 167 = 0. What is the remainder when i is divided by 17?
14
Suppose -4 = -3*a - 5*c + 14, -4*a - 4*c = -16. What is the remainder when 37/(0 + a) - 3 is divided by 9?
7
Let a = -9 - -17. Calculate the remainder when 14 is divided by a.
6
Suppose 4*n + 16 = 2*p, -3*p - n = 2*n - 33. Let s = 22 - p. Calculate the remainder when s is divided by 7.
5
What is the remainder when 266/42 - (-2)/3 is divided by 4?
3
Let t = 79 + -61. What is the remainder when 71 is divided by t?
17
Let y(h) = -h**2 - 8*h + 2. Suppose 4*w - 62 = 2*j, -5*w = 2*j - 66 - 16. Calculate the remainder when w is divided by y(-7).
7
Suppose -37 - 59 = -4*s. Let y(x) = x. Calculate the remainder when s is divided by y(13).
11
Let s(n) be the first derivative of 5*n**4/2 + n**2/2 - n + 3. What is the remainder when 29 is divided by s(1)?
9
Let s be 3/2 - (-3)/6. Suppose 0 = -m + 5*y + 25, -7*m + s*m = 2*y - 71. Calculate the remainder when 27 is divided by m.
12
Suppose -1 = a - 3. What is the remainder when 28/6 - 2/(-6) is divided by a?
1
Suppose -4*y + 3*y = 4. Let b(x) = -3*x + 1. Calculate the remainder when b(y) is divided by 7.
6
Let s(q) = q**3 + 5*q**2 + 3*q + 1. Let l = 12 - 7. Suppose -2*b = 5*d + 13, l*b + 0*b + 10 = -5*d. What is the remainder when s(d) is divided by 6?
4
Suppose -3*q = q + 4*i - 16, -2*q = 3*i - 3. Calculate the remainder when 12 is divided by 520/72 - 2/q.
5
Suppose -4*i = -4*b, -i = -b + 3*b. Suppose i = 4*h - h. Suppose h*t = -4*t + 100. What is the remainder when t is divided by 13?
12
Let d = 10 - 7. Calculate the remainder when 10 is divided by d.
1
What is the remainder when (536/6 - 0)/(4/6) is divided by 17?
15
Let n(i) = -i**2 - i + 12. Let f be n(0). Suppose q = f + 1. What is the remainder when 23 is divided by q?
10
Let i = 8 + 10. Suppose 2*z - 4*z = -i. Calculate the remainder when 33 is divided by z.
6
Let v be (-14)/(-4)*2*13. Let t = v - 38. Calculate the remainder when t is divided by 27.
26
Let x(z) = -5*z - 3. Let o be 2/(-1)*6/4. Let a = 20 - -14. What is the remainder when a is divided by x(o)?
10
Suppose 5*b - 188 = b. Let x(z) = z**2 - 6*z + 9. Let g(c) = c**3 - 16*c**2 + c - 9. Let u be g(16). Calculate the remainder when b is divided by x(u).
15
Let h(r) = r**3 - r**2 - 3*r - 5. Calculate the remainder when h(4) is divided by 11.
9
Let v(q) = q**2 - 10*q - 15. Let t be v(11). Let a = t + 26. Calculate the remainder when a is divided by 12.
10
Let u(c) = 9*c - 17. What is the remainder when 79 is divided by u(3)?
9
Let n(v) = 2*v - 5. Let m = 8 + -3. Suppose -m*l - 1 = -21. What is the remainder when l is divided by n(4)?
1
Let h(v) be the first derivative of v**2/2 - 4*v + 6. Suppose -4*r + 9*r - 5 = 0. Calculate the remainder when r is divided by h(5).
0
Calculate the remainder when 4/1 + 6 + -3 is divided by 4.
3
Suppose -3*v = 4*y - 0*v - 552, -y = 3*v - 147. Let i = y - 66. What is the remainder when i is divided by 18?
15
Let k = 50 - 29. Suppose 0 = -r + 4*r - k. What is the remainder when r is divided by 4?
3
Let k = -3 - -9. Suppose -k - 35 = -q. What is the remainder when q is divided by -1*28/16*-8?
13
Suppose -5*q + 27 = -4*q. Calculate the remainder when q is divided by 7.
6
Let o = -37 - -51. Calculate the remainder when o is divided by 8.
6
Suppose 3*s - 2*s - 3 = 4*w, w + 9 = 3*s. Calculate the remainder when 11 is divided by s.
2
Suppose 39 = -4*q + 7*q. Let p = -28 + 91. Calculate the remainder when p is divided by q.
11
Suppose 3*k - 137 = -l + 2*l, 2*k + 4*l - 96 = 0. Let w = 13 - -3. What is the remainder when k is divided by w?
14
Suppose -2*k - 40 = -4*m, -2*k + 37 = 5*m + 2*k. Let j be (3/(-2))/((-1)/22). Let a = j - 17. Calculate the remainder when a is divided by m.
7
Let y = -9 - -17. Suppose 0*g + 4*g - 56 = 0. What is the remainder when g is divided by y?
6
Let h = 33 + -10. What is the remainder when 90 is divided by h?
21
Suppose 160 = 4*x - 0*x. Calculate the remainder when x is divided by 11.
7
Suppose k + 0*k + 4*u = 30, 3*k = u + 51. Suppose -k = -2*q - 0*q. Calculate the remainder when 26 is divided by q.
8
Let c(a) = -5*a + 1. What is the remainder when 78 is divided by c(-3)?
14
Let s = 94 + -54. Calculate the remainder when s is divided by 14.
12
Suppose 0 = c + 2*k - 11 - 8, 4*c - 2*k = 76. Calculate the remainder when 36 is divided by c.
17
Let i be 52/(-9) + (-4)/18. Let a(o) = 3*o - 46. What is the remainder when (-248)/i + 1/(-3) is divided by a(20)?
13
Let r(p) = p**2 - 16*p - 8. Suppose 3*i - i - 56 = -4*q, -q = -3*i - 21. What is the remainder when r(18) is divided by q?
13
Let n = -2 + 3. Let u(f) = -n + 1 - 8*f - f**2 + 4 + 0. Calculate the remainder when 47 is divided by u(-6).
15
Let l = 61 - 37. What is the remainder when 71 is divided by l?
23
Let k(r) = -r**3 - 7*r**2 - 4*r - 1. Calculate the remainder when 871/11 - (-16)/(-88) is divided by k(-7).
25
Let h = 26 - 17. Suppose -41 = -2*y + h. What is the remainder when y is divided by 7?
4
Let h = -19 - -43. Suppose -3*m = m - h. Suppose -3*a - 2*o = -10, -3*o + 11 = 4*a - 2. Calculate the remainder when m is divided by a.
2
Suppose -o = 2*o - 6. Suppose -2 = -2*i + o. What is the remainder when i is divided by 2?
0
Suppose -2*k = -0*k - 16. Let z = 50 + -29. What is the remainder when z is divided by k?
5
Suppose 5*o = t + 4*o - 29, 5*o - 195 = -5*t. What is the remainder when t is divided by 10?
4
Suppose 3*t + 3 = 0, 17 = b + 2*t - 111. Suppose 8*s - b = 3*s. Calculate the remainder when s is divided by 2/7 + 366/42.
8
Let h(r) be the first derivative of 19*r**2/2 + r + 1. What is the remainder when h(3) is divided by 15?
13
What is the remainder when 75 is divided by (11 + 2)*(-18)/(-4 + -2)?
36
Suppose 0 = -2*x + 5*o + 8 + 12, -2*x - o + 32 = 0. Let b = x + 4. Calculate the remainder when b is divided by 10.
9
Suppose -462 = -11*i - 3*i. What is the remainder when i is divided by 9?
6
Calculate the remainder when (-4)/6 - -1*(-419)/(-3) is divided by 36.
31
Suppose l = 2*f + 51, -1 = -3*f - 7. Calculate the remainder when l is divided by 12.
11
Suppose 0*o = -o + 5*g - 9, 2*g - 10 = 0. Suppose 5*z + 163 = 3*f, 2*f - 6*f + 209 = -5*z. What is the remainder when f is divided by o?
14
Calculate the remainder when 34/(-4 - (-26)/6) is divided by 21.
18
Let b(d) = 8*d + 8. What is the remainder when 77 is divided by b(4)?
37
Suppose -x = 4*d - 49, 2*x - 25 = -d + 6*x. Calculate the remainder when d is divided by 2/8 + (-54)/(-8).
6
Let n(s) = -s**2 + 7*s + 